 + 5783. What is the thousands digit of m?
7
Let p(q) = -280*q - 321. What is the hundreds digit of p(-9)?
1
Let w = -76160 + 116985. What is the ten thousands digit of w?
4
Let o(h) = h**3 + h**2 - h. Let r(f) = 2*f**3 + 26*f**2 - 23*f - 48. Let s(q) = -3*o(q) + r(q). Let x be s(22). What is the tens digit of 4*(-249)/24*x?
6
Suppose 0 = -3*q - 5 + 11. What is the units digit of q/(-9) + 8750/90?
7
Suppose 24*b - 2605 + 805 = 0. What is the units digit of 3/(b/(-7640))*(-40)/16?
4
Let b = -4437 - -6343. Suppose 2*w - 52*y - 760 = -56*y, -4*y + b = 5*w. What is the units digit of w?
2
Let g(p) = 6100*p**2 + 45*p + 82. What is the ten thousands digit of g(-2)?
2
What is the thousands digit of (-63)/(-252)*(-1 - (-3 + -77206))?
9
What is the thousands digit of ((-21)/(-12))/((-9)/(-291)*(-9)/(-3024))?
9
Suppose 16*q + 0*q - 55 - 73 = 0. Let l = 28 + -54. What is the tens digit of (-2570)/l - q/(-52)?
9
Let b be 396/(-10) + 8/(-20). Suppose -1 = 2*o + 5, 890 = 5*z - 5*o. Let w = z + b. What is the units digit of w?
5
Let w = -10 - -14. Let h(v) = -4*v + 0*v**2 + v**2 - 3*v**2 + 0*v + 9*v**2 - 1. What is the tens digit of h(w)?
9
Suppose -3*p + 79 = 58. Suppose 4*l + 255 = -6*w + p*w, -1077 = -4*w - 3*l. What is the hundreds digit of w?
2
Suppose 0 = -22*c + 16*c + 8496. Suppose -10*t + 6*t = -c. Suppose 4*d = -3*h + 2*h + t, 5*h - 257 = -3*d. What is the units digit of d?
9
What is the units digit of (-1024 - -108)/(2 + 8/(-3))?
4
Suppose -5*w + d = 3 - 13, 3*w + 5*d = 6. Suppose -3*b = -w*b - 444. What is the units digit of b?
4
Suppose -t + 3*d - 3 + 1 = 0, 0 = 3*t - 5*d - 2. Let s = 6 + -6. Suppose -28 = -t*a - s*a. What is the units digit of a?
7
Suppose -330 = 12*x + 342. Let v = 57 + x. What is the units digit of v*(-2 + -2 - -31)?
7
Let f be 4/36*21 - 6/(-9). Let o(d) = d**2 + d. Let h(j) = -8*j**2 - 8*j - 4. Let u(m) = -h(m) - 5*o(m). What is the tens digit of u(f)?
4
Let q(k) = 141*k - 464. What is the units digit of q(48)?
4
What is the tens digit of (2943/18 - -6)*(184/(-6))/(-1)?
9
Suppose -4 = -4*n + 3*n. Suppose -n*a + 1387 = -5*g - 230, -1608 = -4*a - 4*g. What is the hundreds digit of a?
4
Let n(g) = -66 + 27 - 460*g**2 - 4*g + 17 + 24. Let m be n(-2). What is the units digit of 4/16 + m/(-8)?
9
Let a = 28390 - -13121. What is the thousands digit of a?
1
Let m = 153 + -151. What is the tens digit of (-190)/(-1*1/m)?
8
Let f(b) = -4*b**3 - 9*b**2 - 10*b - 130. Let y be f(-8). Suppose -6*d + 2*d = -548. Suppose d = -5*l + y. What is the tens digit of l?
5
What is the hundreds digit of ((-6902)/(-4))/(-25 - (-4020)/160)?
8
Let x(l) = l**2. Let i(j) = -15*j**2 - 8*j + 12. Let n(b) = -i(b) - 4*x(b). What is the tens digit of n(7)?
8
Let i = 644 + -639. Suppose -8*f - z = -i*f - 2095, 3*z - 3493 = -5*f. What is the hundreds digit of f?
6
Let r(v) = 13*v**3 + 4*v**2 - 2*v + 1. Let t(b) = 25*b**3 + 7*b**2 - 5*b. Let k(j) = -11*r(j) + 6*t(j). What is the units digit of k(5)?
4
Let c = 224 + -219. Suppose c*n = 4*k - 607 - 1690, -3*k + 1749 = 5*n. What is the tens digit of k?
7
Let y be (276/15)/((-3)/15). What is the tens digit of -1 + 0 - (-23)/(y/(-952))?
3
What is the hundreds digit of 9 + 43565 + -23 - 6?
5
Let s = 1809 - -1707. What is the thousands digit of s?
3
Let a(q) = 14*q**2 - 82*q - 3045. What is the hundreds digit of a(-36)?
0
Let m(p) = -574*p**2 + 5. Let g be m(2). Let q = -1269 - g. What is the tens digit of q?
2
Let c(x) = -658*x - 8066. What is the thousands digit of c(-50)?
4
What is the tens digit of 8/((-1275670)/(-55462) + -23)?
8
Let o = 1719 + 1592. What is the tens digit of o?
1
Let r(q) = 20*q - 2. Suppose 0 = -4*y - 2*j - 4, -2*y - 3*j + 6 = 2*j. Let x be r(y). Let c = x - -73. What is the tens digit of c?
3
Let u(s) = 714*s + 2224. What is the hundreds digit of u(11)?
0
Let i(v) = -v**3 - 10*v**2 + 12*v + 13. Let m be i(-11). Let t be 1/(4/8)*15/m. What is the hundreds digit of (1496/(-55))/(-1 + 12/t)?
1
Suppose 2*j + 0*l - 5*l - 2516 = 0, 2 = l. Suppose -21 = 4*h + j. Let k = -139 - h. What is the hundreds digit of k?
1
Let a = -90 + 139. Let k = 59 - a. Suppose 0 = 6*l - k*l + 544. What is the tens digit of l?
3
Suppose 23162982 = 304*a + 3338180 + 1835906. What is the hundreds digit of a?
1
Suppose -u - 124 = 6*f - f, 4*u - 5*f = -546. Let x = u + 213. What is the units digit of x?
9
Let d(x) = -x**2 + 22*x - 85. Let f be d(5). Suppose 78 = k + 5*q - 7*q, f = 4*q + 16. What is the tens digit of k?
7
Let x be 12/(-24)*(0 + 0). Let q be x - (5*-2 + 4). Suppose -10*s + q*s + 88 = 0. What is the units digit of s?
2
Let m(n) = 13*n**2 - 67*n - 17. Let k be m(5). Let d(z) = -78*z - 97. What is the tens digit of d(k)?
0
What is the hundreds digit of (-450279)/729*(-102)/1?
0
Suppose -148*m + 4960909 = -223075 + 542704. What is the tens digit of m?
6
Let l(q) = -4*q - 24. Let o(x) = 5*x**2 + 8*x + 1. Let r be o(-2). Suppose -2*g = r*n + 9, g + 4*n + 5 = 2*n. What is the units digit of l(g)?
4
Let b be (4 - (-13 - -3)) + 4. Suppose b*f - 13*f - 165 = 0. Suppose -f = -2*s + 35. What is the tens digit of s?
3
Let c be (-807)/(-30) + (-2)/(-20). Suppose -x + c = -96. What is the units digit of x?
3
Let i = -429 + 429. Suppose i = -3*k + 5*z + 1827, -10*k + 4*z = -8*k - 1216. What is the units digit of k?
4
Let d = 26669 + -16329. What is the units digit of d?
0
Let d(v) = 8*v**3 + 42*v**2 - 6*v + 4 + 2*v - 40*v**2. Let m be d(2). Let l = -16 + m. What is the units digit of l?
2
Let j be (3 + (-12)/3)*488. Let r = -292 - j. Let y = 91 + r. What is the hundreds digit of y?
2
Let c = -84 - -51. Let r = 55 + c. Suppose 0 = -21*u + r*u - 92. What is the units digit of u?
2
Let r(i) = 5258*i - 159. What is the tens digit of r(2)?
5
Suppose 0 = 116*g + 430246 - 1551850. What is the units digit of g?
9
Let y be (-836)/33*1362/(-4). Suppose -4*m - m - 2*d + y = 0, 0 = -2*m + 3*d + 3439. What is the tens digit of m/44 - (-4)/(-22)?
3
Let a(u) be the first derivative of -u**2/2 - 12*u - 2. Let l be a(-12). Suppose l = 2*z - 41 - 1. What is the units digit of z?
1
Let f(q) = 7*q**3 - 9*q**2 + 21*q. Let m be f(2). Let y = 636 - m. What is the tens digit of y?
7
Let i(h) be the first derivative of h**4/4 + 11*h**3/3 + 6*h**2 + 24*h + 3. Let w be i(-10). What is the units digit of w/(-10) - 928/(-20)?
6
What is the thousands digit of -16 - 30175/(-10) - (-3)/2?
3
Let h(i) = 4*i**3 - 22*i**2 - 8*i + 1. Let p be h(7). Suppose 6*a - p = 511. What is the tens digit of a?
2
Suppose 4351*a - 4318*a = 95766. What is the thousands digit of a?
2
Let v(g) = 10*g**2 - 95*g - 22. What is the units digit of v(30)?
8
Let x be 1/(((-40)/(-15))/8). Suppose 0 = x*r - 3791 - 3289. Suppose 4*z = -6*z + r. What is the tens digit of z?
3
Let m(b) = 2*b + 30. Let a be m(-14). Let y be -1 + (7/(-14))/(a/4). What is the hundreds digit of (y - -1)*1/2*-350?
1
Let l be ((-328149)/18)/19 - 6/4. Let s = l - -1939. Suppose 7*u - 13*u + s = 0. What is the tens digit of u?
6
Suppose 0 = 3*j - 3*w + 1 + 8, 5*j + w + 15 = 0. What is the hundreds digit of 181041/273 - j/(78/(-4))?
6
Suppose -7 = -p - 2. Let j = -26 + p. Let s(o) = -8*o - 17. What is the units digit of s(j)?
1
What is the tens digit of (-84)/546 - (215132/13)/(-4)?
3
Let t(d) = -6*d**3 - 4*d**2 + 18*d + 193. What is the units digit of t(-9)?
1
Suppose 5*m - 67 = -2*c, -4*c + 129 = -3*m + 8*m. Suppose a - c = -d, 5*d - a - 81 - 62 = 0. What is the units digit of d?
9
Suppose 0 = 7*l + 2036 - 566. Let u = l + 519. What is the tens digit of u?
0
Suppose 15*o - 10*o - 73069 = 2*s, -4*o + 58428 = -5*s. What is the units digit of o?
7
Let w = 3680 + 4962. What is the tens digit of w?
4
Let a(z) = -z**2 - 16*z + 3. Let o be a(-15). Suppose o*t - 16779 = t. What is the hundreds digit of t?
9
Suppose p - 531 + 527 = 0. Let x(j) = 134*j + 13. What is the units digit of x(p)?
9
Suppose -9135200 = -169*x - 135*x. What is the ten thousands digit of x?
3
Let x be (28/(-4))/(-7)*-9. Let a = x + 229. What is the hundreds digit of a?
2
What is the tens digit of 158610/68*12/10?
9
Suppose 0*l = -3*z + 4*l + 22, -5*z - 3*l = 2. Let h be 9/2*(z*-13122)/6. What is the hundreds digit of h/(-99) + 4/22?
1
Suppose 2142 = 4*c - j - 7125, 4*j = -3*c + 6936. Suppose -5*v - 2321 = -2*n, 2*n - 27*v + 23*v = c. What is the hu